15332.
2, 3833
List the prime factors of 621.
3, 23
List the prime factors of 823.
823
List the prime factors of 14093.
17, 829
What are the prime factors of 1936?
2, 11
What are the prime factors of 12033?
3, 7, 191
List the prime factors of 1166.
2, 11, 53
What are the prime factors of 79087?
79087
List the prime factors of 17585.
5, 3517
What are the prime factors of 5671?
53, 107
What are the prime factors of 263?
263
List the prime factors of 502.
2, 251
What are the prime factors of 3884?
2, 971
List the prime factors of 2414.
2, 17, 71
List the prime factors of 10969.
7, 1567
List the prime factors of 3475.
5, 139
What are the prime factors of 32678?
2, 16339
What are the prime factors of 737?
11, 67
List the prime factors of 2182.
2, 1091
What are the prime factors of 5101?
5101
List the prime factors of 2881.
43, 67
What are the prime factors of 2784?
2, 3, 29
List the prime factors of 518.
2, 7, 37
List the prime factors of 1370.
2, 5, 137
List the prime factors of 631.
631
What are the prime factors of 949?
13, 73
List the prime factors of 68326.
2, 127, 269
What are the prime factors of 1410?
2, 3, 5, 47
List the prime factors of 1707.
3, 569
What are the prime factors of 91821?
3, 127, 241
What are the prime factors of 1222?
2, 13, 47
What are the prime factors of 1071?
3, 7, 17
List the prime factors of 10695.
3, 5, 23, 31
What are the prime factors of 14471?
29, 499
List the prime factors of 822.
2, 3, 137
List the prime factors of 94039.
11, 83, 103
List the prime factors of 1040.
2, 5, 13
What are the prime factors of 75166?
2, 7, 13, 59
List the prime factors of 8526.
2, 3, 7, 29
What are the prime factors of 62652?
2, 3, 23, 227
What are the prime factors of 26761?
7, 3823
List the prime factors of 71702.
2, 35851
What are the prime factors of 437?
19, 23
What are the prime factors of 119?
7, 17
List the prime factors of 367.
367
What are the prime factors of 36775?
5, 1471
List the prime factors of 65495.
5, 13099
List the prime factors of 952.
2, 7, 17
List the prime factors of 3173.
19, 167
List the prime factors of 12960.
2, 3, 5
What are the prime factors of 51?
3, 17
What are the prime factors of 411?
3, 137
What are the prime factors of 21751?
21751
List the prime factors of 1582.
2, 7, 113
What are the prime factors of 29246?
2, 7, 2089
List the prime factors of 2560.
2, 5
List the prime factors of 3264.
2, 3, 17
What are the prime factors of 14879?
14879
What are the prime factors of 162291?
3, 47, 1151
What are the prime factors of 3908?
2, 977
What are the prime factors of 425?
5, 17
List the prime factors of 71467.
11, 73, 89
List the prime factors of 42560.
2, 5, 7, 19
List the prime factors of 562.
2, 281
List the prime factors of 441.
3, 7
What are the prime factors of 3383?
17, 199
What are the prime factors of 1974?
2, 3, 7, 47
List the prime factors of 3961.
17, 233
List the prime factors of 1574.
2, 787
List the prime factors of 12335.
5, 2467
What are the prime factors of 456?
2, 3, 19
What are the prime factors of 18550?
2, 5, 7, 53
List the prime factors of 123117.
3, 41039
List the prime factors of 8111.
8111
List the prime factors of 82454.
2, 41227
List the prime factors of 4989.
3, 1663
List the prime factors of 121424.
2, 7589
What are the prime factors of 166139?
103, 1613
What are the prime factors of 849?
3, 283
List the prime factors of 2824.
2, 353
What are the prime factors of 2890?
2, 5, 17
List the prime factors of 33559.
37, 907
What are the prime factors of 74561?
74561
What are the prime factors of 2675?
5, 107
List the prime factors of 2340.
2, 3, 5, 13
List the prime factors of 51.
3, 17
List the prime factors of 83.
83
What are the prime factors of 59430?
2, 3, 5, 7, 283
List the prime factors of 927.
3, 103
List the prime factors of 10541.
83, 127
List the prime factors of 760.
2, 5, 19
List the prime factors of 69231.
3, 47, 491
List the prime factors of 72252.
2, 3, 223
What are the prime factors of 405?
3, 5
What are the prime factors of 5823?
3, 647
What are the prime factors of 19554?
2, 3, 3259
List the prime factors of 11107.
29, 383
List the prime factors of 166.
2, 83
List the prime factors of 182.
2, 7, 13
List the prime factors of 1560.
2, 3, 5, 13
List the prime factors of 2868.
2, 3, 239
List the prime factors of 56403.
3, 2089
What are the prime factors of 880?
2, 5, 11
List the prime factors of 14563.
14563
What are the prime factors of 100396?
2, 19, 1321
List the prime factors of 1193.
1193
List the prime factors of 15344.
2, 7, 137
What are the prime factors of 9908?
2, 2477
What are the prime factors of 625?
5
List the prime factors of 25669.
7, 19, 193
What are the prime factors of 2113?
2113
What are the prime factors of 7657?
13, 19, 31
List the prime factors of 28402.
2, 11, 1291
What are the prime factors of 67465?
5, 103, 131
What are the prime factors of 3713?
47, 79
What are the prime factors of 800?
2, 5
What are the prime factors of 399?
3, 7, 19
List the prime factors of 2366.
2, 7, 13
What are the prime factors of 1519?
7, 31
What are the prime factors of 14000?
2, 5, 7
What are the prime factors of 40930?
2, 5, 4093
What are the prime factors of 611?
13, 47
List the prime factors of 2004.
2, 3, 167
List the prime factors of 277.
277
List the prime factors of 7710.
2, 3, 5, 257
List the prime factors of 19.
19
What are the prime factors of 78236?
2, 19559
What are the prime factors of 1784?
2, 223
List the prime factors of 957.
3, 11, 29
What are the prime factors of 527?
17, 31
What are the prime factors of 7288?
2, 911
What are the prime factors of 740?
2, 5, 37
What are the prime factors of 3188?
2, 797
List the prime factors of 5338.
2, 17, 157
What are the prime factors of 198880?
2, 5, 11, 113
List the prime factors of 3030.
2, 3, 5, 101
What are the prime factors of 399?
3, 7, 19
What are the prime factors of 392?
2, 7
What are the prime factors of 123142?
2, 23, 2677
List the prime factors of 1022.
2, 7, 73
What are the prime factors of 63545?
5, 71, 179
List the prime factors of 1407.
3, 7, 67
List the prime factors of 97717.
19, 37, 139
List the prime factors of 190.
2, 5, 19
List the prime factors of 22951.
59, 389
What are the prime factors of 3470?
2, 5, 347
List the prime factors of 967.
967
What are the prime factors of 2878?
2, 1439
What are the prime factors of 1612?
2, 13, 31
What are the prime factors of 26977?
53, 509
List the prime factors of 49660.
2, 5, 13, 191
List the prime factors of 9038.
2, 4519
What are the prime factors of 9630?
2, 3, 5, 107
What are the prime factors of 1243?
11, 113
List the prime factors of 2871.
3, 11, 29
What are the prime factors of 137731?
11, 19, 659
What are the prime factors of 14575?
5, 11, 53
What are the prime factors of 4090?
2, 5, 409
What are the prime factors of 366?
2, 3, 61
List the prime factors of 143396.
2, 11, 3259
List the prime factors of 952.
2, 7, 17
List the prime factors of 3451.
7, 17, 29
What are the prime factors of 1739?
37, 47
List the prime factors of 10025.
5, 401
List the prime factors of 51128.
2, 7, 11, 83
What are the prime factors of 17598?
2, 3, 7, 419
List the prime factors of 1705.
5, 11, 31
List the prime factors of 3983.
7, 569
List the prime factors of 5776.
2, 19
List the prime factors of 1021.
1021
List the prime factors of 947.
947
What are the prime factors of 3490?
2, 5, 349
List the prime factors of 6802.
2, 19, 179
What are the prime factors of 4124?
2, 1031
What are the prime factors of 2252?
2, 563
What are the prime factors of 487?
487
List the prime factors of 866.
2, 433
List the prime factors of 3861.
3, 11, 13
What are the prime factors of 2968?
2, 7, 53
What are the prime factors of 13344?
2, 3, 139
List the prime factors of 463.
463
What are the prime factors of 474?
2, 3, 79
List the prime factors of 759.
3, 11, 23
List the prime factors of 18315.
3, 5, 11, 37
What are the prime factors of 5620?
2, 5, 281
List the prime factors of 8900.
2, 5, 89
What are the prime factors of 1384?
2, 173
List the prime factors of 4337.
4337
List the prime factors of 25423.
25423
List the prime factors of 33560.
2, 5, 839
List the prime factors of 141509.
141509
List the prime factors of 99128.
2, 12391
What are the prime factors of 59932?
2, 14983
What are